
False
Is 94011563887 prime?
False
Is 71524883 prime?
True
Is 4724635759 a prime number?
False
Is 2738269451 a composite number?
False
Is 34031959051 a composite number?
False
Is 32932372163 a prime number?
False
Is 54770711713 a composite number?
False
Is 158769311 prime?
True
Is 698127193 a prime number?
False
Is 1200022937 a prime number?
False
Is 242050891 composite?
True
Is 65722133879 a composite number?
False
Is 11925252257 composite?
True
Is 4424921543 prime?
False
Is 198120485 a prime number?
False
Is 12836621867 prime?
False
Is 14774784049 composite?
True
Is 11790917023 a prime number?
True
Is 12056324597 a prime number?
True
Is 9536465977 a prime number?
True
Is 1023586139 a composite number?
False
Is 125040385 composite?
True
Is 5070920213 composite?
False
Is 337956187 a prime number?
False
Is 2486242579 composite?
False
Is 2862702827 prime?
True
Is 79360743037 composite?
False
Is 3446822647 prime?
True
Is 1008565309 a composite number?
False
Is 83528041 a prime number?
True
Is 393183859 a composite number?
False
Is 5456084078 a composite number?
True
Is 557964061 a prime number?
False
Is 102242352263 a prime number?
True
Is 32833656301 composite?
False
Is 325669193 composite?
True
Is 3297339245 a prime number?
False
Is 150342363887 prime?
True
Is 13822102763 a composite number?
True
Is 229959518 composite?
True
Is 1259460431 a prime number?
True
Is 464550433 a prime number?
True
Is 1493362219 prime?
True
Is 969525989 a prime number?
True
Is 34448900881 a composite number?
False
Is 1027275443 composite?
True
Is 342742013 a composite number?
True
Is 30098969933 composite?
False
Is 10472257717 prime?
True
Is 598491173 a prime number?
False
Is 1511035919 composite?
True
Is 235200023 composite?
False
Is 5757652507 a prime number?
True
Is 28914832853 composite?
True
Is 12231099791 composite?
False
Is 1435648319 a prime number?
False
Is 20662890107 a prime number?
False
Is 1334125523 composite?
True
Is 282493726213 composite?
True
Is 4972486471 prime?
True
Is 143544469 prime?
True
Is 562622197 prime?
True
Is 1948593103 a prime number?
False
Is 52736939 a prime number?
True
Is 235756501 a composite number?
False
Is 16977487207 composite?
True
Is 7140152239 a prime number?
False
Is 30163770157 a prime number?
False
Is 6797785465 a prime number?
False
Is 264795829 prime?
False
Is 232201087 composite?
True
Is 44592638459 composite?
False
Is 6700391293 a composite number?
True
Is 1287414113 prime?
False
Is 63835600133 prime?
False
Is 204277902949 a composite number?
False
Is 83898029515 a composite number?
True
Is 897421769 prime?
True
Is 10388932643 a prime number?
False
Is 133701924593 a composite number?
False
Is 30110112671 prime?
False
Is 23932818485 prime?
False
Is 37887680821 prime?
True
Is 10317406921 a prime number?
True
Is 1573385729 composite?
True
Is 7678467317 a composite number?
True
Is 1141930807 prime?
False
Is 292672253 prime?
True
Is 10454281 a composite number?
False
Is 1239548339 a composite number?
False
Is 1963973695 composite?
True
Is 9637162037 prime?
True
Is 12653981965 a prime number?
False
Is 1905049819 prime?
False
Is 518888638 composite?
True
Is 27024593741 a prime number?
False
Is 76325329 prime?
True
Is 71887243 composite?
True
Is 15124637897 composite?
True
Is 1429839421 composite?
False
Is 20820275999 a composite number?
False
Is 47958421213 a composite number?
True
Is 156245567 composite?
False
Is 371184491 a prime number?
True
Is 1685306643 a prime number?
False
Is 4035208447 composite?
False
Is 23641897 prime?
True
Is 841462309 prime?
True
Is 362316635 prime?
False
Is 4793907407 a prime number?
True
Is 4875586279 prime?
False
Is 479121919 a prime number?
False
Is 85004996873 composite?
False
Is 3246379459 a prime number?
False
Is 5260198001 a composite number?
False
Is 9278157971 a prime number?
True
Is 10626971515 prime?
False
Is 3700651117 prime?
False
Is 1785877937 composite?
True
Is 1086528377 a composite number?
True
Is 11426369303 composite?
False
Is 775380247 composite?
True
Is 238845667 a composite number?
False
Is 1762274539 a prime number?
False
Is 7088348573 a prime number?
True
Is 420331983 prime?
False
Is 167157056051 prime?
False
Is 1040031161 prime?
False
Is 5880157657 a prime number?
False
Is 8884398434 composite?
True
Is 11023080241 a prime number?
False
Is 12384852373 a prime number?
False
Is 421531729 a composite number?
False
Is 368882134691 prime?
False
Is 523117978 a composite number?
True
Is 6281766913 a prime number?
True
Is 10047834521 a composite number?
False
Is 119900029979 a prime number?
True
Is 2186836779 prime?
False
Is 109012843427 a composite number?
False
Is 10858809733 a prime number?
False
Is 2093014549 a prime number?
False
Is 24965198227 a prime number?
False
Is 5620616251 a composite number?
True
Is 82264238831 composite?
False
Is 37104670637 a prime number?
True
Is 3602054249 a composite number?
False
Is 2114434149 a composite number?
True
Is 204291811 a composite number?
True
Is 17813749799 prime?
True
Is 608241121 a composite number?
True
Is 151590103 prime?
False
Is 6953105591 a prime number?
True
Is 4549042009 prime?
True
Is 362159207 composite?
False
Is 45480274811 a prime number?
False
Is 2588988761 a prime number?
True
Is 2906321189 a prime number?
True
Is 54771150989 a prime number?
True
Is 785598763 a composite number?
True
Is 10845014197 composite?
False
Is 1385758469 prime?
True
Is 6727329611 prime?
False
Is 10048367347 prime?
True
Is 464262607 composite?
True
Is 80163339727 a composite number?
False
Is 391064633 a prime number?
True
Is 1391514499 prime?
True
Is 17961330229 a prime number?
False
Is 33624027883 prime?
False
Is 37054383193 a composite number?
True
Is 21765844601 a composite number?
False
Is 2899227259 prime?
False
Is 9675623845 a composite number?
True
Is 602782421 composite?
False
Is 2095002571 composite?
False
Is 26545692869 a composite number?
False
Is 1304109691 a composite number?
True
Is 808730693 a composite number?
False
Is 217368233 a prime number?
True
Is 25617778909 prime?
True
Is 490044433 composite?
False
Is 43927159501 prime?
False
Is 393556123 composite?
False
Is 13783202283 a composite number?
True
Is 5492560177 a prime number?
False
Is 46268476517 composite?
False
Is 2614273111 prime?
True
Is 99801531113 composite?
True
Is 1681302071 composite?
True
Is 920870647 a composite number?
True
Is 2172841126 a prime number?
False
Is 67397666593 composite?
False
Is 32594627407 prime?
True
Is 3047039741 composite?
True
Is 56256318577 a prime number?
True
Is 1449688397 a prime number?
False
Is 14509305271 composite?
True
Is 225801429209 composite?
False
Is 4333336853 prime?
True
Is 112053842165 a composite number?
True
Is 40339578029 prime?
False
Is 353517298351 a composite number?
True
Is 1247972149 composite?
True
Is 209139683 prime?
True
Is 87170443 prime?
True
Is 609287881 composite?
False
Is 85914615757 composite?
True
Is 2201293309 a prime number?
True
Is 31273795453 composite?
True
Is 1229111417 a composite number?
False
Is 233417521 composite?
False
Is 5504920061 a composite number?
True
Is 15774633781 prime?
False
Is 3009120397 composite?
False
Is 115292731 a prime number?
True
Is 116508584471 a composite number?
True
Is 1167116749 prime?
False
Is 4569335819 composite?
False
Is 5802707657 a prime number?
False
Is 3125209 a composite number?
False
Is 2081104393 composite?
True
Is 652810469 composite?
False
Is 11981860859 prime?
True
Is 119626947487 a prime number?
True
Is 889479397 a prime number?
False
Is 5040825703 prime?
False
Is 61647154253 a composite number?
False
Is 1174557827 a composite number?
True
Is 3478631623 a composite number?
True
Is 62520124153 a composite number?
True
Is 14357271259 a composite number?
True
Is 267153773 composite?
True
Is 7382000609 a prime number?
True
Is 742515139 composite?
True
Is 6559281503 a prime number?
False
Is 7897748741 prime?
True
Is 21541697 a composite number?
False
Is 183965633 prime?
False
Is 5649819515 composite?
True
Is 14244249521 a prime number?
True
Is 177918493 composite?
False
Is 906154453 a composite number?
True
Is 1421739349 prime?
True
Is 155743901 composite?
False
Is 72546011 a composite number?
True
Is 37598323969 prime?
False
Is 12552369023 a composite number